 4 a factor of 188685?
False
Does 17 divide 63869?
True
Does 12 divide 43764?
True
Is 62598 a multiple of 10?
False
Is 7 a factor of 931378?
True
Is 5530176 a multiple of 6?
True
Is 838 a factor of 676775?
False
Is 75739 a multiple of 12?
False
Does 176 divide 1787987?
False
Is 1065284 a multiple of 12?
False
Does 8 divide 181048?
True
Does 21 divide 639054?
False
Is 336182 a multiple of 219?
False
Is 49 a factor of 1178940?
True
Is 129 a factor of 348300?
True
Is 1697999 a multiple of 25?
False
Does 20 divide 76400?
True
Is 211 a factor of 78613?
False
Is 612415 a multiple of 53?
True
Does 1402 divide 4657550?
False
Is 88 a factor of 17377473?
False
Is 139 a factor of 93825?
True
Does 475 divide 834100?
True
Does 10 divide 40394?
False
Does 410 divide 5412410?
True
Is 15 a factor of 923316?
False
Is 15088982 a multiple of 12?
False
Is 407840 a multiple of 32?
True
Is 14 a factor of 532629?
False
Is 11 a factor of 250547?
True
Is 23 a factor of 57017?
True
Is 92 a factor of 25172?
False
Is 304 a factor of 1376512?
True
Does 72 divide 7346201?
False
Is 7353634 a multiple of 1429?
True
Does 1036 divide 4507093?
False
Is 1084 a factor of 9369012?
True
Does 18 divide 329778?
True
Does 104 divide 19136?
True
Does 13 divide 129617?
False
Does 5 divide 1049575?
True
Is 189 a factor of 61414?
False
Is 495 a factor of 7311316?
False
Is 359260 a multiple of 220?
True
Does 1585 divide 11463910?
False
Is 43 a factor of 124356?
True
Is 35 a factor of 565915?
True
Does 83 divide 10883624?
True
Is 13 a factor of 61685?
True
Does 17 divide 3536719?
False
Is 13688 a multiple of 31?
False
Is 368999 a multiple of 19?
True
Is 308 a factor of 785058?
False
Is 146 a factor of 36208?
True
Is 81825 a multiple of 25?
True
Does 28 divide 23579?
False
Is 29 a factor of 6080165?
False
Is 149 a factor of 210686?
True
Does 11 divide 5730994?
False
Is 189 a factor of 523908?
True
Does 675 divide 5974751?
False
Does 17 divide 13461?
False
Is 645 a factor of 49020?
True
Does 352 divide 346234?
False
Does 125 divide 665162?
False
Is 11 a factor of 299585?
True
Does 49 divide 782481?
True
Does 10 divide 900420?
True
Does 6 divide 27353?
False
Does 773 divide 1634141?
False
Is 63 a factor of 183078?
True
Does 182 divide 1458912?
True
Is 131 a factor of 251456?
False
Is 18 a factor of 272000?
False
Is 6136390 a multiple of 26?
True
Does 27 divide 26924102?
False
Is 429 a factor of 5838662?
False
Is 16484369 a multiple of 32?
False
Does 472 divide 366272?
True
Is 25 a factor of 6294964?
False
Does 339 divide 1155970?
False
Is 3 a factor of 122868?
True
Is 79 a factor of 10209486?
True
Is 147 a factor of 5748729?
True
Does 140 divide 233917?
False
Is 91 a factor of 129826?
False
Is 3 a factor of 35412?
True
Does 14 divide 29849895?
False
Does 3 divide 18780?
True
Does 29 divide 5418650?
True
Does 68 divide 1835295?
False
Does 433 divide 1589543?
True
Does 63 divide 72531?
False
Is 26 a factor of 165821?
False
Does 652 divide 569848?
True
Is 645173 a multiple of 23?
True
Is 1051500 a multiple of 30?
True
Is 1345839 a multiple of 8?
False
Is 65 a factor of 88985?
True
Is 16 a factor of 560920?
False
Does 45 divide 3574035?
True
Does 4 divide 151741?
False
Does 62 divide 21992?
False
Does 20 divide 4648110?
False
Is 13 a factor of 3024836?
False
Is 1475217 even?
False
Is 297423 a multiple of 14?
False
Is 75 a factor of 95400?
True
Is 397310 a multiple of 37?
False
Is 172 a factor of 62544?
False
Is 113472 a multiple of 24?
True
Does 339 divide 5438294?
False
Does 12 divide 5442810?
False
Is 1301 a factor of 20009443?
False
Does 45 divide 45585?
True
Does 13 divide 2502861?
False
Is 681 a factor of 5714824?
False
Is 2 a factor of 372303?
False
Does 42 divide 646212?
True
Does 41 divide 954818?
False
Does 76 divide 9591546?
False
Does 30 divide 6876114?
False
Does 28 divide 8953969?
False
Is 8155 even?
False
Does 145 divide 644815?
True
Is 395 a factor of 278263?
False
Is 79 a factor of 335987?
True
Is 1897606 a multiple of 12?
False
Is 97 a factor of 5246967?
False
Is 19 a factor of 57532?
True
Is 52302 a multiple of 25?
False
Is 10 a factor of 11440643?
False
Does 185 divide 6943420?
True
Does 5 divide 1337812?
False
Is 19364 a multiple of 2?
True
Is 556428 a multiple of 18?
False
Is 3293651 a multiple of 9?
False
Is 69 a factor of 476721?
True
Is 2821959 a multiple of 1659?
True
Does 248 divide 1770472?
True
Is 86021 a multiple of 60?
False
Is 228180 a multiple of 20?
True
Is 231942 a multiple of 186?
True
Is 1401913 a multiple of 201?
False
Does 184 divide 24882631?
False
Does 12 divide 1580631?
False
Is 1011439 a multiple of 4?
False
Does 29 divide 21344?
True
Is 8 a factor of 10926?
False
Is 20 a factor of 9174961?
False
Does 361 divide 1221894?
False
Is 233 a factor of 1536816?
False
Is 5267094 a multiple of 42?
True
Is 1069184 a multiple of 187?
False
Is 241 a factor of 5640654?
False
Is 32080 a multiple of 8?
True
Is 7 a factor of 216569?
False
Is 261550 a multiple of 29?
False
Is 2179965 a multiple of 404?
False
Is 36 a factor of 2263212?
True
Is 72 a factor of 734555?
False
Is 27 a factor of 169695?
True
Is 5220212 a multiple of 77?
False
Is 49 a factor of 3229543?
False
Is 1760484 a multiple of 33?
True
Is 2760226 a multiple of 467?
False
Is 605 a factor of 1579655?
True
Is 6 a factor of 249454?
False
Does 257 divide 50372?
True
Is 998070 a multiple of 57?
True
Does 2 divide 179000?
True
Is 481935 a multiple of 1335?
True
Is 31 a factor of 2644651?
False
Is 14 a factor of 2325974?
True
Does 137 divide 565125?
True
Is 69 a factor of 512253?
False
Does 61 divide 919514?
True
Does 375 divide 41625?
True
Is 6404 a multiple of 67?
False
Does 165 divide 705540?
True
Does 1720 divide 2896480?
True
Is 321946 a multiple of 9?
False
Is 2243087 a multiple of 11?
True
Is 12447454 a multiple of 24?
False
Does 873 divide 1070298?
True
Does 321 divide 171065?
False
Is 4428000 a multiple of 150?
True
Does 16 divide 1881314?
False
Is 275 a factor of 292600?
True
Is 19180896 a multiple of 368?
True
Does 32 divide 1402272?
True
Is 12907522 a multiple of 17?
True
Is 931044 a multiple of 29?
False
Does 389 divide 43179?
True
Is 197 a factor of 10078698?
False
Does 34 divide 2226151?
False
Is 15 a factor of 60570?
True
Is 20548 a multiple of 11?
True
Is 44 a factor of 359134?
False
Is 144564 a multiple of 21?
True
Is 3 a factor of 4206?
True
Is 12 a factor of 5702940?
True
Is 674655 a multiple of 21?
False
Is 10 a factor of 18433?
False
Is 10396452 a multiple of 11?
True
Is 158 a factor of 45659?
False
Does 161 divide 1079827?
True
Is 18767488 a multiple of 302?
True
Is 286128 a multiple of 24?
True
Does 71 divide 55309?
True
Does 13 divide 43914?
True
Does 301 divide 186620?
True
Is 798099 a multiple of 15?
False
Is 9 a factor of 4587928?
False
Is 471 a factor of 394698?
True
Is 14 a factor of 1332523?
False
Does 292 divide 6362098?
False
Is 195870 a multiple of 15?
True
Is 1263339 a multiple of 99?
True
Is 10879376 a multiple of 2479?
False
Is 293160 a multiple of 21?
True
Is 757928 a multiple of 91?
False
Is 13366 even?
True
Is 2113521 a multiple of 40?
False
Is 2933994 a multiple of 231?
False
Is 15 a factor of 2130109?
False
Is 19 a factor of 58528?
False
Is 1159455 a multiple of 4?
False
Is 5 a factor of 141066?
False
Is 22 a factor of 411004?
True
Is 2919206 a multiple of 17?
True
Does 13 divide 399714?
False
Is 17 a factor of 112069?
False
Is 299 a factor of 95537?
False
Does 53 divide 7957587?
False
Is 15 a factor of 7809680?
False
Does 14 divide 297870?
False
Does 19 divide 598710?
False
Is 198 a factor of 556974?
True
Is 550 a factor of 1062218?
False
Is 2 a factor of 12100?
True
Is 29 a factor of 92464?
False
Does 226 divide 112774?
True
Is 5 a factor of 135320?
True
Does 26 divide 39759?
False
Is 53 a factor of 437504?
False
Is 8 a factor of 12055608?
True
Is 19 a factor of 9578242?
True
Is 977010 a multiple of 893?
False
Does 45 divide 187069?
False
Does 88 divide 9775304?
True
Is 9408 a multiple of 32?
True
Is 1303407 a multiple of 389?
False
Is 4136908 a multiple of 19?
True
Is 331100 a multiple of 25?
True
Does 78 divide 22886292?
True
Is 25 a factor of 59514?
False
Does 13 divide 166413?
True
Does 663 divide 3786393?
True
Is 152 a factor of 1107928?
True
Is 266 a factor of 